8 and 360.
72
Calculate the highest common divisor of 1271872 and 5152.
224
What is the highest common divisor of 263890 and 2134?
22
What is the greatest common divisor of 29744022 and 147?
21
What is the highest common divisor of 14119 and 10571097?
2017
Calculate the greatest common factor of 4840 and 64823330.
1210
Calculate the greatest common factor of 974700 and 3876.
228
What is the greatest common factor of 20024710 and 20?
10
Calculate the greatest common factor of 35443 and 70474553.
1541
What is the greatest common factor of 199420 and 1475?
295
Calculate the highest common divisor of 113321630 and 16140.
2690
Calculate the highest common divisor of 63 and 48898899.
63
What is the greatest common factor of 3916 and 4801060?
44
Calculate the highest common divisor of 16740806 and 21442.
142
What is the highest common factor of 140 and 25767980?
140
What is the highest common divisor of 536596 and 33904?
652
Calculate the greatest common factor of 285 and 4516775.
95
Calculate the greatest common divisor of 60094277 and 10339.
211
Calculate the greatest common divisor of 128 and 100205520.
16
What is the greatest common factor of 52839 and 1223125?
1957
What is the greatest common factor of 42811158 and 78?
78
What is the highest common factor of 2355487 and 475?
19
Calculate the greatest common divisor of 167508 and 1092.
12
What is the greatest common factor of 172816182 and 15246?
1386
What is the greatest common divisor of 273 and 85687147?
91
Calculate the highest common factor of 2170 and 1137242750.
2170
Calculate the greatest common factor of 2549217 and 33.
33
Calculate the highest common factor of 357236 and 1081.
23
What is the greatest common factor of 498 and 4878242?
166
Calculate the greatest common factor of 858 and 3763738.
22
What is the highest common divisor of 354242 and 3402?
14
Calculate the highest common factor of 381354162 and 294.
294
What is the highest common divisor of 119284 and 87516?
44
What is the highest common divisor of 15375 and 97275?
75
What is the highest common divisor of 49389913 and 35309?
527
Calculate the highest common factor of 163783506 and 3312.
138
What is the greatest common factor of 390824670 and 210?
30
Calculate the greatest common factor of 438 and 4014708.
438
What is the highest common factor of 15899 and 19098368?
1223
What is the greatest common divisor of 11529352 and 2727?
101
Calculate the highest common divisor of 1 and 11833305.
1
Calculate the greatest common factor of 6018 and 37389.
3
Calculate the highest common factor of 71036 and 448775004.
10148
What is the highest common divisor of 1727823 and 9?
3
Calculate the highest common divisor of 37686030 and 90.
30
Calculate the highest common factor of 3823092 and 18522.
378
Calculate the highest common divisor of 2201 and 5478644.
71
Calculate the highest common factor of 73349889 and 657.
219
Calculate the highest common divisor of 53100 and 30202100.
5900
Calculate the highest common divisor of 9 and 370880100.
9
What is the greatest common factor of 42942661 and 2817?
313
What is the greatest common factor of 793728 and 63648?
3744
Calculate the highest common factor of 18615 and 845997.
219
Calculate the highest common divisor of 277696 and 27448514.
8678
What is the highest common factor of 12000 and 4941280?
160
Calculate the greatest common factor of 214 and 893101180.
214
What is the highest common divisor of 23184779 and 503?
503
What is the greatest common divisor of 5664456 and 693?
63
Calculate the highest common factor of 24777 and 375556001.
2753
Calculate the highest common divisor of 10 and 17643830.
10
What is the greatest common divisor of 9976958 and 455546?
5006
What is the greatest common divisor of 40252 and 2509504?
1388
Calculate the greatest common factor of 427973 and 273.
91
Calculate the highest common factor of 1845067 and 4768.
149
What is the greatest common factor of 89 and 775684306?
89
Calculate the highest common factor of 48165 and 12969970.
1235
What is the highest common divisor of 5750 and 724460900?
1150
What is the highest common factor of 305 and 46315?
5
What is the greatest common factor of 1284 and 5250169?
107
What is the highest common factor of 18044832 and 156?
156
What is the highest common divisor of 61943280 and 2670?
30
Calculate the highest common divisor of 720 and 5159370.
30
Calculate the highest common factor of 293968 and 19912.
152
What is the highest common divisor of 217417 and 37563?
19
What is the highest common factor of 170281988 and 244?
244
What is the greatest common divisor of 33478 and 1349?
19
What is the highest common divisor of 146 and 4853624?
146
Calculate the greatest common factor of 913395044 and 184.
92
What is the highest common divisor of 882 and 124064766?
882
Calculate the greatest common divisor of 19992 and 11645697.
357
Calculate the highest common factor of 283211853 and 747.
249
What is the highest common factor of 31427869 and 1034?
11
What is the highest common factor of 532719 and 14139?
9
Calculate the greatest common divisor of 2496550 and 150.
50
Calculate the highest common factor of 59850 and 579975.
1425
What is the highest common factor of 133 and 33492928?
7
What is the greatest common divisor of 4154 and 14899158?
62
Calculate the highest common factor of 389502098 and 764.
382
Calculate the greatest common factor of 65362496 and 64.
64
Calculate the greatest common factor of 187 and 4445143.
17
Calculate the greatest common divisor of 5652 and 79804827.
1413
What is the highest common divisor of 150 and 30191325?
75
Calculate the highest common factor of 1586 and 8056514.
122
What is the greatest common factor of 100 and 730535?
5
What is the greatest common factor of 6531 and 35289792?
933
Calculate the greatest common divisor of 160408941 and 15543.
5181
Calculate the greatest common factor of 124890729 and 61.
61
Calculate the greatest common factor of 907251 and 27.
3
What is the highest common divisor of 32229277 and 11728?
733
Calculate the highest common divisor of 68082914 and 359.
359
What is the greatest common divisor of 8533894110 and 597?
597
What is the highest common divisor of 1200 and 1659792?
48
What is the highest common divisor of 2305550 and 2834?
26
Calculate the highest common divisor of 274597 and 86848.
23
Calculate the greatest common divisor of 8111105 and 865.
865
Calculate the greatest common factor of 52464064 and 848.
848
Calculate the greatest common factor of 16 and 2628466.
2
What is the greatest common divisor of 4674 and 141702?
114
Calculate the highest common divisor of 10300 and 46434975.
2575
What is the highest common factor of 512 and 12370784?
32
What is the greatest common factor of 6128 and 37712?
16
Calculate the highest common factor of 1229540 and 4160.
260
Calculate the greatest common divisor of 90 and 3206060.
10
What is the highest common divisor of 61699 and 34719?
71
What is the highest common factor of 119035431 and 45?
9
Calculate the highest common factor of 3535 and 147070.
35
What is the greatest common factor of 60315 and 195?
15
Calculate the highest common divisor of 77125 and 1049.
1
Calculate the greatest common factor of 17091 and 40959.
27
Calculate the highest common factor of 63459 and 44300151.
5769
What is the highest common factor of 20 and 2625874?
2
Calculate the highest common divisor of 79083680 and 197.
197
Calculate the highest common divisor of 148 and 5894618.
74
What is the greatest common factor of 14888 and 167136?
8
What is the highest common divisor of 31383 and 6?
3
Calculate the highest common factor of 787116 and 396.
132
What is the greatest common factor of 69 and 73721693?
23
What is the highest common factor of 122178338 and 3176?
794
What is the highest common factor of 4375 and 64449?
7
What is the greatest common divisor of 291114 and 3141?
9
Calculate the highest common divisor of 125055 and 1391485.
1985
Calculate the greatest common divisor of 2395444541 and 3129.
1043
Calculate the greatest common divisor of 1175002 and 32552.
626
Calculate the greatest common divisor of 110285 and 700.
35
Calculate the highest common factor of 1482 and 220857.
39
Calculate the highest common divisor of 131832 and 3475238.
3662
Wha